et r be x(-3). Let g(f) = 5*f**3 + 2*f**2 - 2*f - 3. Give g(r).
-31
Let n(m) = m**2 + 10*m - 22. Suppose 0*l + 40 = -4*l - 2*c, -2*l - 3*c - 12 = 0. Let p be n(l). Let g(y) = y**3 - 2*y**2 - 2*y + 1. Give g(p).
-3
Let p(a) = -a**3 + 6*a**2 + 4*a - 7. Let d(m) = 5 + 5 - 11*m - 4 - m**2 + 3*m. Let x be d(-8). Calculate p(x).
17
Let t(j) = -4 + 1 - 2*j - 2*j + j**2 - 2*j. Calculate t(7).
4
Let y = 453 + -475. Let d = -73 - -51. Let a = y - d. Let o(b) = b**3 + b**2 + b - 3. Calculate o(a).
-3
Let g(i) = i**2 - 5*i + 4. Let y(c) = 6*c**3 - 3*c**2 - 8*c + 1. Let p(t) = -5*t**3 + 3*t**2 + 7*t - 2. Let s(x) = 5*p(x) + 4*y(x). Let u be s(3). Give g(u).
-2
Let k(w) be the first derivative of -w**4/2 + w**2/2 - w - 1. Let p be -1*(6 + -2 - 5). What is k(p)?
-2
Let u(g) = g**2 - 7*g + 6. Let v be (-9)/6*(-70)/21. Determine u(v).
-4
Suppose 6*i - 15 = i + 2*k, -15 = 5*i + 4*k. Suppose 0*x = 5*x - 2*p - 24, -4*x = 5*p - 6. Let v(d) = 21 + d - d**2 - x*d**3 - 21. Give v(i).
-4
Let q = -52 + 48. Let u be 15 + -12 + 1/(1/q). Let w(i) = 2*i - 1. What is w(u)?
-3
Let d(n) = 5*n + 5. Let s(q) = -3*q - 3. Let p(z) = d(z) + 2*s(z). Let u be (-63)/12 + 2/8. Determine p(u).
4
Let a(u) = -5*u**3 + 10*u**2 + 1. Let h(p) = 6*p**3 - 11*p**2 - 2. Let j(d) = 5*a(d) + 4*h(d). Give j(4).
29
Let g(d) be the third derivative of -d**5/60 + d**4/8 + 5*d**3/3 + d**2 + 572*d. Determine g(-5).
-30
Let o(b) be the third derivative of -b**5/60 - b**2. Suppose 0 = 5509*x - 5507*x + 2. What is o(x)?
-1
Let n(z) = 11*z**2 - 32. Let w(r) = 13*r**2 - 2*r - 32. Let d(t) = 7*n(t) - 6*w(t). Give d(6).
4
Let b(q) = q**3 + 2*q**2 - 4*q + 3. Let r = 6 - 2. Suppose 3*l = -r*k + 31, -5*k + l + 36 - 2 = 0. Let c = -5 + k. Determine b(c).
11
Let f(v) = v**2 + 8*v + 3. Let y be f(-8). Suppose 3*i = -i + a + 32, -i - y = -3*a. Let x(j) = -j - i*j**2 - 6*j + 10*j**2 + 6. Determine x(4).
-6
Let r(m) = -4*m**2 - 14*m + 19. Let l(y) = 17*y**2 + 57*y - 80. Let s(i) = 2*l(i) + 9*r(i). What is s(-9)?
-43
Let y(d) = 4*d - 173. Let s be y(42). Let v(n) = n**2 + n - 4. Give v(s).
16
Let v(s) = -5*s + 3. Let p = -239 - -239. What is v(p)?
3
Let t(z) = 3*z - 7. Suppose 5*r = -11 + 1. Let f be 2 + 23 + (r - 0). Let d = f + -17. What is t(d)?
11
Let r(v) = -2*v**2 - 3*v. Let d be r(-2). Let k be (-32)/(-1) - 0/d. Let h be (-68)/k - (-2)/16. Let a(p) = p**2 - p + 1. Calculate a(h).
7
Suppose 4*o + 8 = -12*z + 7*z, -3*z - 6 = 3*o. Let k(u) = -4*u - 5. Give k(o).
3
Let d(q) be the third derivative of q**5/10 + q**4/24 + q**2 + 94*q. What is d(-1)?
5
Let n(r) = 2*r**2 + 4*r - 4. Let o = 4 - 2. Suppose -5*d = 2*v - 34, 4*v + 22 = -0*d + 5*d. Suppose 0 = c + d - o. Calculate n(c).
12
Suppose -4*z = 3*q - 2, -5*q + 8 = 2*z - 0. Suppose -b = -q - 3. Let a(s) = 4*s - 5. Determine a(b).
15
Let p(v) = 13*v + 15*v - 22*v + 4. Calculate p(-5).
-26
Let p be (-1 - 70/(-4))*80/120. Let v(l) = l**3 - 11*l**2 + 3*l + 5. What is v(p)?
38
Let c(p) be the first derivative of -p**3/3 - 3*p**2 + 7*p - 1. Let r(u) = 6*u**2 - 68*u + 154. Let z be r(8). Give c(z).
7
Let g(k) = 0*k - 252 - k + 238 + 2*k. Determine g(8).
-6
Let n(z) = z + 4. Let q be n(-2). Let v(r) = -r + 2. Give v(q).
0
Let s be (-3)/(-6)*4 + 20/(-20)*1. Let g(y) = 2 - 1 + 15*y + 10*y. Give g(s).
26
Let p(c) = -11*c**2 + 13. Let b(z) = -13*z**2 - 2*z + 14. Let v(q) = 5*b(q) - 6*p(q). Calculate v(10).
-8
Let i(j) be the first derivative of j**3/3 - 4*j**2 - j + 5. What is i(9)?
8
Let d(c) = c**3 - c**2 + c. Let n(i) = -4*i**3 + 11*i**2 - 13*i - 10. Let q(o) = -3*d(o) - n(o). Give q(6).
-2
Let q(i) = 2*i - 5. Let s(z) = z + 1. Let g(p) = -2*p - 1. Let w(u) = g(u) + 3*s(u). Suppose -12 = -2*k - l + 3*l, -l - 2 = 0. Let d be w(k). Give q(d).
7
Let h(j) = 488 + 2*j - 3*j**3 + 4*j**3 - 5*j**2 - 486 - 8*j. Calculate h(6).
2
Let o(g) be the second derivative of -2*g**3/3 - 4*g**2 - 251*g. Give o(3).
-20
Let b(h) = h**3 - 3*h**2 - 4*h - 4. Suppose -2*m + 4 = -3*f + 16, 16 = 4*f. Let y be 7 - (-2 - m - -5). Give b(y).
-4
Let n(k) be the second derivative of 3*k**5/20 - 2*k**4/3 + k**3/3 + 2*k - 113. Determine n(3).
15
Let r be (-2 - 17*-1)*19/57. Let f(a) be the third derivative of 1/60*a**r - 1/3*a**3 + 0 - 1/6*a**4 + 2*a**2 + 0*a. Calculate f(4).
-2
Let k be (-3)/4 + (-6)/(-8). Let s(p) = 4 + 5*p**2 + 1 - 4*p**2 - 3. Determine s(k).
2
Let p(u) be the third derivative of u**6/120 - u**5/10 + u**4/8 - u**3/3 - 33*u**2 + 2. Determine p(4).
-22
Let f be -291*-1*(-4)/(-12). Let n(k) = 49 + 49 - f + 4*k. Give n(4).
17
Let c(z) = -z**2 + 10*z + 42. Let l be c(13). Let v(f) = -3*f - 3. Let r(x) = -6*x - 5. Let o(n) = 6*r(n) - 10*v(n). Calculate o(l).
-18
Let p(q) = q**2 - 5*q. Let b(f) = -f**3 - 2*f**2 - 2. Let t be b(-3). Let x be 2*2 - (t + -5). Suppose -3*y + 15 = 5*z, -x*z = z - 3*y - 33. Calculate p(z).
6
Let t(s) = -s - 2. Let d = 115 - 115. What is t(d)?
-2
Let n(j) = 3*j**2 + j**2 - 6*j**2 + 3*j. Suppose -86*u + 9 = -89*u. Let l be 6/(-4)*(u - 1/(-3)). Determine n(l).
-20
Let q(z) = -4*z**2 - 4 + z - 5*z + 3*z**2. Let p = 318 + -323. Calculate q(p).
-9
Suppose 7*t - 2*t + 10 = 0. Let o = t + 8. Let z(l) = 0 + 0 + 2*l + o. What is z(5)?
16
Let t = -28 - -31. Suppose -11 = -4*q + 5. Let c(y) = -q*y**t - y - 2*y**3 - 195*y**2 + 193*y**2. Determine c(-1).
5
Let s(l) = -l + 11. Let w(d) = -2*d + 11. Suppose -3*t + 11 = -1. Let b(h) = t*s(h) - 3*w(h). Calculate b(-8).
-5
Let y(n) = n - 12. Suppose -41 = 2*o - 171. Let p = o + -56. Give y(p).
-3
Suppose 3*a + 6*q = 5*q + 114, a = -3*q + 38. Let k = -44 + a. Let c(v) = 2*v - 7. What is c(k)?
-19
Let d(r) = r**3 - 8*r**2 + 7*r - 2. Let i = -42 - -75. Let v = 40 - i. Calculate d(v).
-2
Let a(l) = 5*l - 13. Suppose -7*s = -13*s + 24. Calculate a(s).
7
Let c(j) = j**3 + 5*j**2 + 4*j - 3. Let n(w) = -3*w**2 + 3*w**2 + w**2 - 13*w - 7. Let t be n(13). Let r = -11 - t. Determine c(r).
-3
Suppose -o = 2*y + 4*o - 28, -12 = -4*y + o. Let n(b) = -2*b**3 + 3*b**2 + 5*b - 3. Let i be n(3). Let v be (-69)/i - y/(-10). Let g(w) = 3*w - 6. Give g(v).
9
Let z(o) be the second derivative of -o**5/60 + o**4/24 - o**3/6 - 15*o**2/2 - 15*o. Let v(x) be the first derivative of z(x). What is v(1)?
-1
Suppose -m + 0 = 4*d - 1, -16 = -4*d + 4*m. Let o(k) = -8 + k**3 - d + 3 + 4*k**2 + 3. Give o(-3).
6
Let i = -31 + 48. Let t = -12 + i. Let g(z) = -2 + t + 4*z + z - 3*z. Calculate g(-4).
-5
Let n(c) = c**3 + 3*c**2 - c + 1. Let k(l) = 17*l. Let m be k(-1). Suppose -13*u = -17*u - 56. Let o = m - u. Calculate n(o).
4
Let c(h) = h**3 - h**2 - h + 1. Let k(l) = -5*l**3 - l**2 + 3*l - 2. Let a = -40 - -41. Let y(v) = a*c(v) + k(v). What is y(1)?
-5
Let a(i) = -2*i**2 + i + 4. Let q(y) = y**2 + y + 1. Let x(p) = -a(p) + 2*q(p). Give x(-2).
12
Let h(p) be the second derivative of p**3/3 - p**2 + 70*p. Let g be 2/(-4)*30/(-5). Give h(g).
4
Let g(z) = -z**3 + 2*z**2 + 4*z - 1. Let c(w) = 3*w**3 - 6*w**2 - 12*w + 2. Let d(y) = -4*c(y) - 11*g(y). What is d(4)?
-13
Let s(z) = -z + 1. Let u(y) = -y + 3. Let h = -6 - -12. Let i(w) = h*s(w) - 3*u(w). Let j = 15 + -18. Give i(j).
6
Let i(l) = 35 - 97 + 29 + 8*l + 36. Determine i(-4).
-29
Let x be (5/5)/2*(-14 - 2). Let w(i) = i**2 + 6*i - 19. Determine w(x).
-3
Let o(z) = 17*z. Let f(g) = -714*g. Let u(t) = -2*f(t) - 85*o(t). What is u(1)?
-17
Suppose -34*p = 600 - 192. Let z(i) = i**2 + 11*i - 6. What is z(p)?
6
Let b = 80 + -32. Let y = -40 + b. Let j(x) = x**3 - 9*x**2 + 8*x - 8. Determine j(y).
-8
Suppose -2*o + 2*q - 10 = 0, -5*o - 2*q + 4*q = 16. Let s(b) = 6*b**2 + 2*b - 1. Calculate s(o).
19
Let z(d) = -5*d**2 - d + 2. Let b(x) = x + 15. Let t be b(-9). Suppose -t = -2*q - 2. Calculate z(q).
-20
Let l be -2 + 2*(-2)/(-4). Let z(q) be the first derivative of -q**5/4 - q**4/12 + q - 3. Let r(t) be the first derivative of z(t). What is r(l)?
4
Let z = 85 - 88. Let i be 126/33 + z + 35/11. Let x(f) = 2 + 4*f - 2*f + 0*f. What is x(i)?
10
Let s be (-528)/(-20) + 16/(-40). Let k(j) = -s*j - 19*j + 46*j - 7. Let u(g) = -g**3 + 7*g**2 - 6*g. Let f be u(6). What is k(f)?
-7
Let d(v) = -3*v + 1. Let h be d(-2). Let y(s) = -2*s**2 + 14*s + 1. What is y(h)?
1
Let b(p) = -p**3 + 4*p - 3. Let u be 12/(-3 + 1) + 1016/127. Determine b(u).
-3
Let g(q) = q**3 + 14*q**2 + 2*q + 29. Suppose 5*a - 3*b + 79 = 0, -7*a - 2*b - 50 = -3*a.